{"id":17603,"date":"2016-12-20T16:24:43","date_gmt":"2016-12-20T14:24:43","guid":{"rendered":"https:\/\/www.pandasecurity.com\/fr\/mediacenter\/?page_id=17603"},"modified":"2024-01-25T14:03:12","modified_gmt":"2024-01-25T12:03:12","slug":"categories","status":"publish","type":"page","link":"https:\/\/www.pandasecurity.com\/fr\/mediacenter\/categories\/","title":{"rendered":"All Categories"},"content":{"rendered":"<p>D\u00e9couvrez nos nouvelles cat\u00e9gories et acc\u00e9dez en un clic \u00e0 tout le contenu de Panda Media Center.<br \/>\nVous trouverez toutes les informations dont vous avez besoin !<\/p>\n\n<table id=\"tablepress-11\" class=\"tablepress tablepress-id-11\">\n<thead>\n<tr class=\"row-1\">\n\t<th class=\"column-1\">Indice de Cat\u00e9gorie<\/th><td class=\"column-2\"><\/td>\n<\/tr>\n<\/thead>\n<tbody class=\"row-striping row-hover\">\n<tr class=\"row-2\">\n\t<td class=\"column-1\"><img loading=\"lazy\" decoding=\"async\" src=\"https:\/\/www.pandasecurity.com\/en\/mediacenter\/src\/uploads\/2016\/12\/ico_news.png\" alt=\"\" width=\"32\" height=\"32\" class=\"alignnone size-full wp-image-17701\" \/> <a href=\"https:\/\/www.pandasecurity.com\/fr\/mediacenter\/actualites\/\" rel=\"noopener\" target=\"_blank\">Actualit\u00e9s et derni\u00e8res tendances<\/a><\/td><td class=\"column-2\"><img loading=\"lazy\" decoding=\"async\" src=\"https:\/\/www.pandasecurity.com\/en\/mediacenter\/src\/uploads\/2016\/12\/ico_tips.png\" alt=\"\" width=\"32\" height=\"32\" class=\"alignnone size-full wp-image-17710\" \/> <a href=\"https:\/\/www.pandasecurity.com\/fr\/mediacenter\/conseils\/\" rel=\"noopener\" target=\"_blank\">Conseils et bonnes pratiques<\/a><\/td>\n<\/tr>\n<tr class=\"row-3\">\n\t<td class=\"column-1\"><img loading=\"lazy\" decoding=\"async\" src=\"https:\/\/www.pandasecurity.com\/en\/mediacenter\/src\/uploads\/2016\/12\/ico_interviews.png\" alt=\"\" width=\"32\" height=\"32\" class=\"alignnone size-full wp-image-17697\" \/> <a href=\"https:\/\/www.pandasecurity.com\/fr\/mediacenter\/education-numerique\/\" rel=\"noopener\" target=\"_blank\">\u00c9ducation num\u00e9rique  <\/a><\/td><td class=\"column-2\"><img loading=\"lazy\" decoding=\"async\" src=\"https:\/\/www.pandasecurity.com\/en\/mediacenter\/src\/uploads\/2016\/12\/ico_technology.png\" alt=\"\" width=\"32\" height=\"32\" class=\"alignnone size-full wp-image-17709\" \/> <a href=\"https:\/\/www.pandasecurity.com\/fr\/mediacenter\/intelligence-artificielle\/\" rel=\"noopener\" target=\"_blank\">Intelligence artificielle  <\/a><\/td>\n<\/tr>\n<tr class=\"row-4\">\n\t<td class=\"column-1\"><img loading=\"lazy\" decoding=\"async\" src=\"https:\/\/www.pandasecurity.com\/en\/mediacenter\/src\/uploads\/2016\/12\/ico_family-safety.png\" alt=\"\" width=\"32\" height=\"32\" class=\"alignnone size-full wp-image-17696\" \/> <a href=\"https:\/\/www.pandasecurity.com\/fr\/mediacenter\/iot\/\" rel=\"noopener\" target=\"_blank\">Internet of Things<\/a><\/td><td class=\"column-2\"><img loading=\"lazy\" decoding=\"async\" src=\"https:\/\/www.pandasecurity.com\/en\/mediacenter\/src\/uploads\/2016\/12\/ico_panda-security.png\" alt=\"\" width=\"32\" height=\"32\" class=\"alignnone size-full wp-image-17702\" \/> <a href=\"https:\/\/www.pandasecurity.com\/fr\/mediacenter\/produits\/\" rel=\"noopener\" target=\"_blank\">Nos Produits<\/a><\/td>\n<\/tr>\n<tr class=\"row-5\">\n\t<td class=\"column-1\"><img loading=\"lazy\" decoding=\"async\" src=\"https:\/\/www.pandasecurity.com\/en\/mediacenter\/src\/uploads\/2016\/12\/ico_security.png\" alt=\"\" width=\"32\" height=\"32\" class=\"alignnone size-full wp-image-17707\" \/> <a href=\"https:\/\/www.pandasecurity.com\/fr\/mediacenter\/prevention-menaces\/\" rel=\"noopener\" target=\"_blank\">Pr\u00e9vention des menaces  <\/a><\/td><td class=\"column-2\"><img loading=\"lazy\" decoding=\"async\" src=\"https:\/\/www.pandasecurity.com\/en\/mediacenter\/src\/uploads\/2016\/12\/ico_social-media.png\" alt=\"\" width=\"32\" height=\"32\" class=\"alignnone size-full wp-image-17708\" \/> <a href=\"https:\/\/www.pandasecurity.com\/fr\/mediacenter\/reseaux-sociaux\/\" rel=\"noopener\" target=\"_blank\">R\u00e9seaux sociaux<\/a><\/td>\n<\/tr>\n<\/tbody>\n<\/table>\n<!-- #tablepress-11 from cache -->\n","protected":false},"excerpt":{"rendered":"<div class=\"post-excerpt\">D\u00e9couvrez nos nouvelles cat\u00e9gories et acc\u00e9dez en un clic \u00e0 tout le contenu de Panda Media Center. Vous trouverez toutes les informations dont vous avez&hellip;<\/div>\n","protected":false},"author":2,"featured_media":24929,"parent":0,"menu_order":0,"comment_status":"closed","ping_status":"closed","template":"","meta":{"footnotes":""},"class_list":["post-17603","page","type-page","status-publish","has-post-thumbnail","hentry"],"acf":[],"yoast_head":"<!-- This site is optimized with the Yoast SEO Premium plugin v27.1 (Yoast SEO v27.2) - https:\/\/yoast.com\/product\/yoast-seo-premium-wordpress\/ -->\n<title>Cat\u00e9gories - Panda Security<\/title>\n<meta name=\"description\" content=\"D\u00e9couvrez nos nouvelles cat\u00e9gories et acc\u00e9dez en un clic \u00e0 tout le contenu de Panda Media Center.\" \/>\n<meta name=\"robots\" content=\"index, follow, max-snippet:-1, max-image-preview:large, max-video-preview:-1\" \/>\n<link rel=\"canonical\" href=\"https:\/\/www.pandasecurity.com\/fr\/mediacenter\/categories\/\" \/>\n<meta property=\"og:locale\" content=\"fr_FR\" \/>\n<meta property=\"og:type\" content=\"article\" \/>\n<meta property=\"og:title\" content=\"All Categories\" \/>\n<meta property=\"og:description\" content=\"D\u00e9couvrez nos nouvelles cat\u00e9gories et acc\u00e9dez en un clic \u00e0 tout le contenu de Panda Media Center.\" \/>\n<meta property=\"og:url\" content=\"https:\/\/www.pandasecurity.com\/fr\/mediacenter\/categories\/\" \/>\n<meta property=\"og:site_name\" content=\"Panda Security Mediacenter\" \/>\n<meta property=\"article:modified_time\" content=\"2024-01-25T12:03:12+00:00\" \/>\n<meta property=\"og:image\" content=\"https:\/\/www.pandasecurity.com\/fr\/mediacenter\/src\/uploads\/2024\/01\/panda_dome_categories.jpg\" \/>\n\t<meta property=\"og:image:width\" content=\"1344\" \/>\n\t<meta property=\"og:image:height\" content=\"756\" \/>\n\t<meta property=\"og:image:type\" content=\"image\/jpeg\" \/>\n<meta name=\"twitter:label1\" content=\"Dur\u00e9e de lecture estim\u00e9e\" \/>\n\t<meta name=\"twitter:data1\" content=\"1 minute\" \/>\n<!-- \/ Yoast SEO Premium plugin. -->","yoast_head_json":{"title":"Cat\u00e9gories - Panda Security","description":"D\u00e9couvrez nos nouvelles cat\u00e9gories et acc\u00e9dez en un clic \u00e0 tout le contenu de Panda Media Center.","robots":{"index":"index","follow":"follow","max-snippet":"max-snippet:-1","max-image-preview":"max-image-preview:large","max-video-preview":"max-video-preview:-1"},"canonical":"https:\/\/www.pandasecurity.com\/fr\/mediacenter\/categories\/","og_locale":"fr_FR","og_type":"article","og_title":"All Categories","og_description":"D\u00e9couvrez nos nouvelles cat\u00e9gories et acc\u00e9dez en un clic \u00e0 tout le contenu de Panda Media Center.","og_url":"https:\/\/www.pandasecurity.com\/fr\/mediacenter\/categories\/","og_site_name":"Panda Security Mediacenter","article_modified_time":"2024-01-25T12:03:12+00:00","og_image":[{"width":1344,"height":756,"url":"https:\/\/www.pandasecurity.com\/fr\/mediacenter\/src\/uploads\/2024\/01\/panda_dome_categories.jpg","type":"image\/jpeg"}],"twitter_misc":{"Dur\u00e9e de lecture estim\u00e9e":"1 minute"},"schema":{"@context":"https:\/\/schema.org","@graph":[{"@type":"WebPage","@id":"https:\/\/www.pandasecurity.com\/fr\/mediacenter\/categories\/","url":"https:\/\/www.pandasecurity.com\/fr\/mediacenter\/categories\/","name":"Cat\u00e9gories - Panda Security","isPartOf":{"@id":"https:\/\/www.pandasecurity.com\/fr\/mediacenter\/#website"},"primaryImageOfPage":{"@id":"https:\/\/www.pandasecurity.com\/fr\/mediacenter\/categories\/#primaryimage"},"image":{"@id":"https:\/\/www.pandasecurity.com\/fr\/mediacenter\/categories\/#primaryimage"},"thumbnailUrl":"https:\/\/www.pandasecurity.com\/fr\/mediacenter\/src\/uploads\/2024\/01\/panda_dome_categories.jpg","datePublished":"2016-12-20T14:24:43+00:00","dateModified":"2024-01-25T12:03:12+00:00","description":"D\u00e9couvrez nos nouvelles cat\u00e9gories et acc\u00e9dez en un clic \u00e0 tout le contenu de Panda Media Center.","breadcrumb":{"@id":"https:\/\/www.pandasecurity.com\/fr\/mediacenter\/categories\/#breadcrumb"},"inLanguage":"fr-FR","potentialAction":[{"@type":"ReadAction","target":["https:\/\/www.pandasecurity.com\/fr\/mediacenter\/categories\/"]}]},{"@type":"ImageObject","inLanguage":"fr-FR","@id":"https:\/\/www.pandasecurity.com\/fr\/mediacenter\/categories\/#primaryimage","url":"https:\/\/www.pandasecurity.com\/fr\/mediacenter\/src\/uploads\/2024\/01\/panda_dome_categories.jpg","contentUrl":"https:\/\/www.pandasecurity.com\/fr\/mediacenter\/src\/uploads\/2024\/01\/panda_dome_categories.jpg","width":1344,"height":756},{"@type":"BreadcrumbList","@id":"https:\/\/www.pandasecurity.com\/fr\/mediacenter\/categories\/#breadcrumb","itemListElement":[{"@type":"ListItem","position":1,"name":"Home","item":"https:\/\/www.pandasecurity.com\/fr\/mediacenter\/"},{"@type":"ListItem","position":2,"name":"All Categories"}]},{"@type":"WebSite","@id":"https:\/\/www.pandasecurity.com\/fr\/mediacenter\/#website","url":"https:\/\/www.pandasecurity.com\/fr\/mediacenter\/","name":"Panda Security Mediacenter","description":"Des conseils avis\u00e9s, des actualit\u00e9s \u00e0 la pointe et des solutions pratiques pour s\u00e9curiser votre famille et vos appareils. Apprenez \u00e0 d\u00e9jouer les menaces en ligne et gardez une longueur d&#039;avance avec Panda Security.","publisher":{"@id":"https:\/\/www.pandasecurity.com\/fr\/mediacenter\/#organization"},"potentialAction":[{"@type":"SearchAction","target":{"@type":"EntryPoint","urlTemplate":"https:\/\/www.pandasecurity.com\/fr\/mediacenter\/?s={search_term_string}"},"query-input":{"@type":"PropertyValueSpecification","valueRequired":true,"valueName":"search_term_string"}}],"inLanguage":"fr-FR"},{"@type":"Organization","@id":"https:\/\/www.pandasecurity.com\/fr\/mediacenter\/#organization","name":"Panda Security","url":"https:\/\/www.pandasecurity.com\/fr\/mediacenter\/","logo":{"@type":"ImageObject","inLanguage":"fr-FR","@id":"https:\/\/www.pandasecurity.com\/fr\/mediacenter\/#\/schema\/logo\/image\/","url":"https:\/\/www.pandasecurity.com\/fr\/mediacenter\/src\/uploads\/2021\/02\/logo_Panda-WG.png","contentUrl":"https:\/\/www.pandasecurity.com\/fr\/mediacenter\/src\/uploads\/2021\/02\/logo_Panda-WG.png","width":600,"height":100,"caption":"Panda Security"},"image":{"@id":"https:\/\/www.pandasecurity.com\/fr\/mediacenter\/#\/schema\/logo\/image\/"}}]}},"_links":{"self":[{"href":"https:\/\/www.pandasecurity.com\/fr\/mediacenter\/wp-json\/wp\/v2\/pages\/17603","targetHints":{"allow":["GET"]}}],"collection":[{"href":"https:\/\/www.pandasecurity.com\/fr\/mediacenter\/wp-json\/wp\/v2\/pages"}],"about":[{"href":"https:\/\/www.pandasecurity.com\/fr\/mediacenter\/wp-json\/wp\/v2\/types\/page"}],"author":[{"embeddable":true,"href":"https:\/\/www.pandasecurity.com\/fr\/mediacenter\/wp-json\/wp\/v2\/users\/2"}],"replies":[{"embeddable":true,"href":"https:\/\/www.pandasecurity.com\/fr\/mediacenter\/wp-json\/wp\/v2\/comments?post=17603"}],"version-history":[{"count":40,"href":"https:\/\/www.pandasecurity.com\/fr\/mediacenter\/wp-json\/wp\/v2\/pages\/17603\/revisions"}],"predecessor-version":[{"id":24930,"href":"https:\/\/www.pandasecurity.com\/fr\/mediacenter\/wp-json\/wp\/v2\/pages\/17603\/revisions\/24930"}],"wp:featuredmedia":[{"embeddable":true,"href":"https:\/\/www.pandasecurity.com\/fr\/mediacenter\/wp-json\/wp\/v2\/media\/24929"}],"wp:attachment":[{"href":"https:\/\/www.pandasecurity.com\/fr\/mediacenter\/wp-json\/wp\/v2\/media?parent=17603"}],"curies":[{"name":"wp","href":"https:\/\/api.w.org\/{rel}","templated":true}]}}